- 302d?
-304a
In base 12, what is -5 - 256b7?
-25700
In base 11, what is 62487 + 16?
624a2
In base 3, what is -2 - 2010011202202?
-2010011202211
In base 6, what is -241150 - 0?
-241150
In base 15, what is 0 - 6ea2?
-6ea2
In base 16, what is 1d + 8c88?
8ca5
In base 15, what is 7961 + 3?
7964
In base 3, what is 1112 - -12221012121?
12221021010
In base 16, what is 113 - 3?
110
In base 6, what is -40 + 12455?
12415
In base 5, what is -14032 - 1210?
-20242
In base 16, what is 9c5 + -26?
99f
In base 12, what is 138a026 + 0?
138a026
In base 5, what is -2341 - -32?
-2304
In base 8, what is -2125 - -65?
-2040
In base 3, what is 2222 + -1011101?
-1001102
In base 8, what is -73065 - 63?
-73150
In base 6, what is -523405 + 5?
-523400
In base 5, what is -11 - -11232423?
11232412
In base 10, what is 875 + -36?
839
In base 4, what is -1332 - 1233302?
-1301300
In base 3, what is 22 + -112020020?
-112012221
In base 3, what is -2 - 1022111001?
-1022111010
In base 15, what is -34 - 253?
-287
In base 4, what is 1 - -111110122?
111110123
In base 14, what is -50a - -77?
-473
In base 6, what is 234124 + -3?
234121
In base 4, what is -2323202 - 10?
-2323212
In base 4, what is -333132020 - -2?
-333132012
In base 15, what is -4 - -559a?
5596
In base 3, what is -1120200200 + -10?
-1120200210
In base 13, what is b03c + -4?
b038
In base 6, what is 420 - 3513?
-3053
In base 9, what is -73 - 642?
-725
In base 10, what is -453520 - -2?
-453518
In base 14, what is -2a250 - -2?
-2a24c
In base 12, what is 14a40 - 17?
14a25
In base 16, what is 1e655 - 5?
1e650
In base 14, what is 9 + 1876?
1881
In base 9, what is -1118002 + 5?
-1117886
In base 9, what is 1321 - -1384?
2715
In base 12, what is -2357 + b?
-2348
In base 15, what is -116 - 1b5?
-2cb
In base 7, what is 20522404 + 1?
20522405
In base 4, what is 1111111 + -112?
1110333
In base 3, what is 2112 - -1001221?
1011110
In base 11, what is 2 + 8088?
808a
In base 2, what is -10101 + 10010100001?
10010001100
In base 10, what is 304 + -66?
238
In base 5, what is 32222344 + 10?
32222404
In base 6, what is 321522 - 15?
321503
In base 3, what is 221 + -112212200?
-112211202
In base 16, what is 5 + -3a40?
-3a3b
In base 3, what is 211110 + -10202110?
-2221000
In base 16, what is -7aa - 111?
-8bb
In base 15, what is -a - 1cd6?
-1ce1
In base 11, what is -121a + 74?
-1156
In base 14, what is -30 - -c17?
bc7
In base 5, what is 33033104 + 12?
33033121
In base 9, what is 0 - 81137?
-81137
In base 9, what is -2 + -3543?
-3545
In base 4, what is 1 - -11133121?
11133122
In base 16, what is -bc - 15d?
-219
In base 7, what is 2 + 2063542?
2063544
In base 16, what is -27e00 - 11?
-27e11
In base 10, what is 8 + 3451?
3459
In base 4, what is -1133223 + -1100?
-1200323
In base 13, what is 2 - 1b34?
-1b32
In base 2, what is -10101000100101 - 10?
-10101000100111
In base 3, what is -10 + 1222021122210?
1222021122200
In base 14, what is 2 + -121a4?
-121a2
In base 15, what is bec1 - -c3?
c094
In base 11, what is 2 - 541a8?
-541a6
In base 7, what is -4000 - -34?
-3633
In base 4, what is -31231 + -233?
-32130
In base 4, what is -133 - 10131?
-10330
In base 14, what is 151 + -241?
-d0
In base 5, what is 4104 + 3333?
12442
In base 5, what is 0 + 2000?
2000
In base 9, what is -213862 + -5?
-213867
In base 13, what is 17 + -cc0?
-ca6
In base 2, what is 110011 - -1001111000?
1010101011
In base 4, what is -1132 - 1231?
-3023
In base 8, what is -41506 - 3?
-41511
In base 13, what is 405 + b38?
1240
In base 12, what is 21243 - -7?
2124a
In base 2, what is -1000100 + -1011011111000?
-1011100111100
In base 2, what is 11 - 11000101101100000?
-11000101101011101
In base 9, what is 2 + -3400?
-3387
In base 9, what is 2 - 3038141?
-3038138
In base 9, what is -23 + 41?
17
In base 11, what is 295530 - -4?
295534
In base 13, what is 1bc64 + 4?
1bc68
In base 9, what is 1 - 127110?
-127108
In base 6, what is -4 + 3433531?
3433523
In base 15, what is -5cb0a + 1?
-5cb09
In base 11, what is 202 + 222?
424
In base 16, what is -23fc3 + 1?
-23fc2
In base 16, what is -15 + 2924?
290f
In base 12, what is 94b4 - -92?
9586
In base 7, what is 34433145 + 1?
34433146
In base 5, what is -2323 - 443?
-3321
In base 3, what is 12 - -111120111120?
111120111202
In base 12, what is 0 + a57?
a57
In base 15, what is -11 + 48480?
4846e
In base 8, what is 1 + 114464?
114465
In base 4, what is 3 + 11311332?
11312001
In base 15, what is 3e - aa?
-6b
In base 4, what is 32112223 + 10?
32112233
In base 7, what is 2 + 64032?
64034
In base 7, what is 6 - 106322?
-106313
In base 6, what is -254352 - -300?
-254052
In base 11, what is -138 - 268?
-3a5
In base 9, what is 1606 - 381?
1215
In base 14, what is -116 + d9?
-1b
In base 8, what is 250 + 1440?
1710
In base 15, what is 626 + -65?
5b1
In base 6, what is -1133 + -115011?
-120144
In base 10, what is 2 - 10441?
-10439
In base 10, what is -43 - -935?
892
In base 8, what is 47066 - -5?
47073
In base 10, what is 501 - -780?
1281
In base 7, what is 21 - -32342?
32363
In base 14, what is -62 - 1792?
-1814
In base 3, what is 122 - -11210102201?
11210110100
In base 4, what is -202 - 2312?
-3120
In base 13, what is 6c - 9c4?
-955
In base 5, what is -3 - -324111?
324103
In base 8, what is 137517 - 4?
137513
In base 15, what is -352 + -5?
-357
In base 7, what is -14 + -144036?
-144053
In base 2, what is 11001101110 + 110110001?
100000011111
In base 13, what is -1a182 + 3?
-1a17c
In base 16, what is a + 2c6d?
2c77
In base 16, what is 255 - -130?
385
In base 15, what is 14 - -cce?
ce3
In base 9, what is 5 + 251184?
251200
In base 12, what is 308 - -56?
362
In base 11, what is -22776 + -2?
-22778
In base 14, what is -b8 - 78d6?
-79b0
In base 14, what is 2cd72 + -5?
2cd6b
In base 11, what is 396 + 142?
528
In base 16, what is 2 - 4dc?
-4da
In base 3, what is -100120001201 + 11?
-100120001120
In base 3, what is -11 + 121102100?
121102012
In base 14, what is -51769 - 0?
-51769
In base 8, what is 370 - -11?
401
In base 9, what is -5601 - -127?
-5463
In base 12, what is 4a55 - 16?
4a3b
In base 3, what is 2 - -1221110?
1221112
In base 13, what is -391 - 102?
-493
In base 12, what is -40958 - 8?
-40964
In base 15, what is -53e8 - -2b?
-53bc
In base 7, what is -2322 + -4?
-2326
In base 15, what is -5b + 1d4?
178
In base 4, what is 11332 + -320130?
-302132
In base 11, what is -4045 + -2?
-4047
In base 7, what is 115 - -103221?
103336
In base 2, what is -101000001100111 - 1001?
-101000001110000
In base 3, what is 20 - -1200001?
1200021
In base 5, what is 31000 + -2213?
23232
In base 8, what is 162401 - -4?
162405
In base 11, what is -44167 + 1?
-44166
In base 9, what is -415 - 55?
-471
In base 11, what is -18 - 1a134?
-1a151
In base 8, what is 50206 + -3?
50203
In base 3, what is 0 - 1021021021?
-1021021021
In base 15, what is 18c7 - -2c?
1904
In base 5, what is 3 - 341121?
-341113
In base 7, what is 141 - 12203?
-12032
In base 10, what is -240 + 3930?
3690
In base 12, what is 592 + 553?
b25
In base 5, what is -1 + -14301?
-14302
In base 8, what is 2 - 252223?
-252221
In base 13, what is -352a1 + -1?
-352a2
In base 4, what is -1033 - 212111?
-213210
In base 2, what is 1 - -10111111000100011?
10111111000100100
In base 10, what is 544 - 4?
540
In base 6, what is 2014041 + -4?
2014033
In base 6, what is 11 - 10044205?
-10044154
In base 16, what is -57 - -768?
711
In base 11, what is -9 - 8747?
-8755
In base 16, what is 5be4 + -5?
5bdf
In base 2, what is 1000 + 10001110010110100101?
10001110010110101101
In base 5, what is -111222 + -10?
-111232
In base 14, what is -3 + b194?
b191
In base 10, what is 111073 - -3?
111076
In base 2, what is 10 - 1011010110010?
-1011010110000
In base 16, what is -4a5 - -228?
-27d
In base 14, what is -14 + -7b524?
-7b538
In base 3, what is 1010120 + -1212?
1001201
In base 12, what is -11 + 1866?
1855
In base 7, what is -6 - 4000?
-4006
In base 4, what is -13 + -1320?
-1333
In base 15, what is -ae0cb9 + -1?
-ae0cba
In base 7, what is -3 - -1334143?
1334140
In base 4, what is -2223 + 31133?
22310
In base 8, what is -2321165 - 3?
-2321170
In base 4, what is -133203302231 - 3?
-133203302300
In base 7, what is 130 - 34251?
-34121
In base 5, what is -400410 - 2?
-400412
In base 7, what is 353115 - -3?
353121
In base 9, what is -11 + -31?
-42
In base 11, w